28251 and 4161?
219
What is the greatest common factor of 53546 and 574?
82
What is the highest common factor of 34018 and 21669?
233
Calculate the highest common factor of 2740032 and 96.
96
Calculate the highest common divisor of 998586 and 1044.
522
What is the greatest common divisor of 1047 and 220219?
349
What is the greatest common divisor of 300432 and 4?
4
What is the highest common factor of 83260 and 2300?
460
Calculate the greatest common divisor of 1062 and 233658.
18
Calculate the greatest common factor of 95 and 313557.
19
Calculate the greatest common factor of 44 and 4092220.
44
Calculate the greatest common factor of 3315 and 25935.
195
Calculate the highest common factor of 1398906 and 981.
981
What is the highest common divisor of 150474 and 186?
186
Calculate the highest common divisor of 3132 and 2443743.
783
Calculate the highest common divisor of 4347 and 8001.
63
Calculate the greatest common divisor of 42205 and 367.
367
What is the greatest common divisor of 171 and 2043?
9
Calculate the highest common divisor of 790700 and 400.
100
What is the highest common factor of 110 and 423170?
110
Calculate the greatest common factor of 16 and 426032.
16
Calculate the greatest common factor of 1311090 and 4795.
685
Calculate the greatest common divisor of 1107 and 557559.
369
Calculate the greatest common divisor of 82350 and 2916.
54
What is the greatest common factor of 71160 and 162?
6
What is the greatest common factor of 257234 and 492?
82
Calculate the highest common factor of 74520 and 10.
10
What is the highest common factor of 48792 and 3876?
228
Calculate the greatest common factor of 9546 and 183594.
222
Calculate the highest common divisor of 336 and 3084.
12
Calculate the highest common factor of 204 and 90066.
102
Calculate the greatest common divisor of 897 and 1483638.
897
Calculate the greatest common divisor of 1117809 and 22.
11
Calculate the highest common factor of 80010 and 2794.
254
What is the greatest common factor of 205 and 9202655?
205
What is the highest common factor of 255490 and 2610?
290
What is the greatest common divisor of 2700 and 2450?
50
Calculate the highest common divisor of 32 and 457232.
16
Calculate the highest common factor of 105 and 75159.
21
What is the greatest common divisor of 36540 and 27020?
140
What is the highest common factor of 741400 and 825?
275
What is the greatest common divisor of 70478 and 4304?
538
What is the greatest common divisor of 714 and 1158822?
714
Calculate the highest common factor of 22016 and 320.
64
Calculate the highest common factor of 10717 and 1057.
7
What is the highest common factor of 14559 and 276?
69
Calculate the highest common factor of 48 and 130332.
12
What is the highest common divisor of 850852 and 296?
148
What is the greatest common factor of 160 and 21472?
32
What is the highest common factor of 4860 and 270945?
1215
What is the highest common divisor of 48764 and 16?
4
Calculate the highest common factor of 628 and 4362716.
628
What is the greatest common divisor of 467727 and 2506?
179
Calculate the highest common factor of 612 and 394876.
68
Calculate the greatest common factor of 453 and 9228.
3
Calculate the highest common factor of 76 and 491644.
76
Calculate the highest common factor of 349353 and 855.
171
What is the greatest common factor of 2161092 and 876?
876
Calculate the greatest common divisor of 135 and 119205.
135
Calculate the greatest common factor of 71331 and 3224.
403
What is the highest common factor of 128535 and 19437?
627
What is the highest common divisor of 1145254 and 88?
22
What is the greatest common divisor of 43260 and 4956?
84
What is the greatest common divisor of 439645 and 230?
115
What is the greatest common divisor of 8917 and 74?
37
What is the highest common divisor of 9730 and 4130?
70
What is the highest common divisor of 88 and 18938?
2
Calculate the greatest common factor of 3864 and 4188.
12
What is the highest common factor of 84952 and 112?
56
What is the highest common divisor of 23685 and 45?
15
What is the highest common divisor of 7659 and 9729?
207
What is the greatest common factor of 20229 and 7359?
33
Calculate the highest common factor of 6536 and 5168.
152
Calculate the greatest common factor of 1406 and 2698.
38
Calculate the highest common factor of 171 and 11381.
19
What is the greatest common factor of 62641 and 185?
37
Calculate the greatest common divisor of 175213 and 83.
83
What is the greatest common factor of 43028 and 124?
124
Calculate the highest common divisor of 368284 and 588.
196
Calculate the highest common divisor of 20459 and 533.
41
Calculate the highest common factor of 425 and 4418725.
425
Calculate the greatest common divisor of 4238 and 3926.
26
What is the greatest common factor of 392 and 370881?
49
Calculate the highest common factor of 736 and 4715.
23
Calculate the greatest common factor of 60744 and 528.
24
What is the greatest common factor of 4623 and 2898?
69
Calculate the greatest common divisor of 455 and 84105.
35
What is the highest common divisor of 80 and 144192?
16
What is the greatest common factor of 3772 and 36892?
92
Calculate the highest common factor of 2691 and 111345.
39
What is the highest common factor of 3430 and 485?
5
Calculate the highest common factor of 70584 and 153.
51
What is the highest common divisor of 1 and 1595309?
1
Calculate the highest common divisor of 64 and 32576.
64
What is the greatest common divisor of 2771 and 221?
17
What is the highest common divisor of 835 and 608715?
835
Calculate the greatest common divisor of 1320 and 25036.
44
Calculate the highest common divisor of 74284 and 2.
2
Calculate the greatest common divisor of 36 and 19266.
6
What is the highest common factor of 452 and 58873?
113
Calculate the highest common divisor of 24 and 48632.
8
What is the greatest common divisor of 148932 and 135?
27
Calculate the highest common factor of 13717 and 8987.
473
Calculate the greatest common divisor of 37524 and 9964.
212
Calculate the highest common factor of 65072 and 83.
83
What is the highest common divisor of 52 and 36452?
52
What is the greatest common factor of 908040 and 420?
420
What is the greatest common divisor of 8312 and 3768?
8
What is the highest common divisor of 141936 and 114?
6
Calculate the highest common divisor of 10 and 22730.
10
What is the highest common factor of 7325 and 7975?
25
Calculate the highest common factor of 11874 and 2544.
6
Calculate the greatest common divisor of 63396 and 48.
12
What is the greatest common factor of 32913 and 2369?
23
Calculate the highest common divisor of 42 and 947716.
14
Calculate the greatest common factor of 618036 and 12.
12
What is the greatest common factor of 315200 and 8800?
800
What is the greatest common divisor of 4674 and 1140?
114
What is the greatest common divisor of 227009 and 548?
137
Calculate the highest common factor of 13182 and 416.
26
Calculate the highest common factor of 96593 and 7.
7
What is the highest common factor of 3211 and 6669?
247
What is the greatest common divisor of 18819 and 3?
3
Calculate the highest common factor of 80864 and 56.
56
What is the greatest common factor of 5985 and 5719?
133
What is the highest common divisor of 11856 and 115824?
912
What is the greatest common divisor of 473720 and 2600?
520
What is the highest common divisor of 1 and 5059?
1
Calculate the highest common divisor of 77851 and 508.
127
What is the greatest common divisor of 273 and 15327?
39
What is the greatest common factor of 2047463 and 17?
17
What is the highest common divisor of 680 and 13120?
40
Calculate the greatest common divisor of 172 and 21328.
172
What is the greatest common factor of 2695 and 22540?
245
Calculate the highest common factor of 26 and 886769.
13
Calculate the highest common factor of 2328 and 2134.
194
What is the highest common factor of 17298 and 10782?
18
Calculate the greatest common factor of 120 and 1376430.
30
Calculate the highest common factor of 756 and 116172.
252
Calculate the highest common divisor of 7808 and 5917.
61
Calculate the greatest common factor of 2697936 and 36.
12
What is the greatest common divisor of 880 and 2860?
220
What is the greatest common divisor 